{"id":5779,"date":"2021-09-28T16:57:28","date_gmt":"2021-09-28T16:57:28","guid":{"rendered":"https:\/\/www.sunnyvinalestour.com\/?page_id=5779"},"modified":"2021-11-04T10:07:38","modified_gmt":"2021-11-04T10:07:38","slug":"laube-dans-la-vallee-de-vinales","status":"publish","type":"page","link":"https:\/\/www.sunnyvinalestour.com\/fr\/laube-dans-la-vallee-de-vinales\/","title":{"rendered":"L&rsquo;aube dans la vall\u00e9e de vinales"},"content":{"rendered":"<div id=\"metaslider-id-2404\" style=\"max-width: 700px;\" class=\"ml-slider-3-108-0 metaslider metaslider-flex metaslider-2404 ml-slider has-dots-nav ms-theme-default\" role=\"region\" aria-label=\"Amanecer en los Acu\u00e1ticos\" data-height=\"300\" data-width=\"700\">\n    <div id=\"metaslider_container_2404\">\n        <div id=\"metaslider_2404\">\n            <ul class='slides'>\n                <li style=\"display: block; width: 100%;\" class=\"slide-2435 ms-image \" aria-roledescription=\"slide\" data-date=\"2020-04-15 18:18:38\" data-filename=\"sunset-vinalesJPG.jpg\" data-slide-type=\"image\"><img loading=\"lazy\" decoding=\"async\" src=\"https:\/\/www.sunnyvinalestour.com\/wp-content\/uploads\/sunset-vinalesJPG.jpg\" height=\"300\" width=\"700\" alt=\"\" class=\"slider-2404 slide-2435 msDefaultImage\" title=\"sunset vinalesJPG\" \/><\/li>\n                <li style=\"display: none; width: 100%;\" class=\"slide-2436 ms-image \" aria-roledescription=\"slide\" data-date=\"2020-04-15 18:18:38\" data-filename=\"Sunset-vinales-2JPG.jpg\" data-slide-type=\"image\"><img loading=\"lazy\" decoding=\"async\" src=\"https:\/\/www.sunnyvinalestour.com\/wp-content\/uploads\/Sunset-vinales-2JPG.jpg\" height=\"300\" width=\"700\" alt=\"\" class=\"slider-2404 slide-2436 msDefaultImage\" title=\"Sunset vinales 2JPG\" \/><\/li>\n                <li style=\"display: none; width: 100%;\" class=\"slide-2437 ms-image \" aria-roledescription=\"slide\" data-date=\"2020-04-15 18:18:38\" data-filename=\"Sunset-vinales-3JPG.jpg\" data-slide-type=\"image\"><img loading=\"lazy\" decoding=\"async\" src=\"https:\/\/www.sunnyvinalestour.com\/wp-content\/uploads\/Sunset-vinales-3JPG.jpg\" height=\"300\" width=\"700\" alt=\"\" class=\"slider-2404 slide-2437 msDefaultImage\" title=\"Sunset vinales 3JPG\" \/><\/li>\n                <li style=\"display: none; width: 100%;\" class=\"slide-2442 ms-image \" aria-roledescription=\"slide\" data-date=\"2020-04-15 18:23:56\" data-filename=\"Amigos-vinales.jpeg\" data-slide-type=\"image\"><img loading=\"lazy\" decoding=\"async\" src=\"https:\/\/www.sunnyvinalestour.com\/wp-content\/uploads\/Amigos-vinales.jpeg\" height=\"300\" width=\"700\" alt=\"\" class=\"slider-2404 slide-2442 msDefaultImage\" title=\"Amigos de casa en vinales\" \/><\/li>\n            <\/ul>\n        <\/div>\n        \n    <\/div>\n<\/div>\n<p class=\"p1\"><span style=\"color: #000000;\"><b>\u00c0 la d\u00e9couverte du lever du soleil dans la vall\u00e9e de Vinales.<\/b><\/span><\/p>\n<p class=\"p3\">Nous commen\u00e7ons le jour \u00e0 Vinales avec l\u2019aube nocturne et avec le chant des coqs de la r\u00e9gion. Dans<span class=\"Apple-converted-space\">\u00a0 \u00a0 <\/span>ce voyage vous aurez l\u2019opportunit\u00e9 d&rsquo;\u00e9prouver une des exp\u00e9riences les plus uniques et exclusives organis\u00e9 dans tout Cuba, une aurore dans la Vall\u00e9e de la plus belle vue des Aquatiques. Dans ce cas nous accueillerons le fort soleil qui nous \u00e9claire tous les jours et en profitant d\u2019une tasse d\u00e9licieuse et accueillante de caf\u00e9 cr\u00e9ole, nous le verrons arrivez. La localisation de notre position est d\u00e9finit par la cha\u00eene de montagnes Guaniguanico laquelle a donn\u00e9 l&rsquo;origine de toutes les vall\u00e9es merveilleuses le la r\u00e9gion. L\u00e0 nous prenons plaisir en observant devant nous \u00e0 l&rsquo;Ouest la Vall\u00e9e Palmarito laquelle a \u00e9t\u00e9 divise pour un grand relief montagneux qui accueille devant lui \u00e0 la Vall\u00e9e de Vinales et derri\u00e8re comme j&rsquo;ai d\u00e9j\u00e0 fait la mention, \u00e0 la Vall\u00e9e Palmarito.<span class=\"Apple-converted-space\">\u00a0<\/span><\/p>\n<p class=\"p3\"><b><span style=\"color: #000000;\">Le programme du jour<\/span><span class=\"Apple-converted-space\">\u00a0 \u00a0<\/span><\/b><\/p>\n<ul>\n<li class=\"p3\">D\u00e9part de la maison \u00e0 4 h 15 et nous nous d\u00e9placerons en cal\u00e8che tire par des chevaux jusqu\u2019aux proximit\u00e9s de la trajectoire de la Vall\u00e9e de Vinales dont notre aventure commence. La dur\u00e9e de ce d\u00e9placement est de 30 minutes plus ou moins. <span class=\"Apple-converted-space\">\u00a0 \u00a0<\/span><\/li>\n<li class=\"p3\">La mont\u00e9e de la montagne commence \u00e0 5 h 00 et l&rsquo;arriv\u00e9e au point le plus haut de la r\u00e9gion de l\u2019aquatique \u00e7a nous prendra 1 heure 20 minutes. <span class=\"Apple-converted-space\">\u00a0 \u00a0<\/span><\/li>\n<li class=\"p3\">Plus ou moins \u00e0 6 h 00 on sera accompagn\u00e9 des gens de la r\u00e9gion dans leur maison rustique o\u00f9 nous pouvons prendre un caf\u00e9 qui nous offrent et qui est produit du caf\u00e9ier de la r\u00e9gion. <span class=\"Apple-converted-space\">\u00a0 \u00a0<\/span><\/li>\n<li class=\"p3\">6 h 30 si vous pr\u00e9f\u00e9rez, apr\u00e8s d\u2019avoir contempl\u00e9 le lever du soleil nous mettrons la marche de retour, dont il nous attend aussi un voyage pour la Vall\u00e9e colori\u00e9e de Vinales et une partie de la Vall\u00e9e Palmarito o\u00f9 nous verrons des plantations de tabac et une caf\u00e9t\u00e9ria locale, dont il y a la possibilit\u00e9 de prendre quelque salade de fruits ou un sandwich et de l\u00e0 on pourra voir comme c\u2019est la vie de paysan qui laboure la terre tous les jours. <span class=\"Apple-converted-space\">\u00a0 \u00a0<\/span><\/li>\n<li class=\"p3\">\u00a0Cette promenade est r\u00e9sum\u00e9e selon dispose votre forme physique et agilit\u00e9. <span class=\"Apple-converted-space\">\u00a0 \u00a0<\/span><\/li>\n<li class=\"p3\">\u00a0Et pour finir, \u00e0 11 h 00 nous serons d\u00e9j\u00e0 chez nous apr\u00e8s d\u2019avoir retourn\u00e9 dans la cal\u00e8che tire par des chevaux.<\/li>\n<\/ul>\n<p class=\"p3\"><span style=\"color: #000000;\"><b>Les Attractions<\/b><\/span><\/p>\n<ul>\n<li class=\"p3\">D\u00e9placement<span class=\"Apple-converted-space\">\u00a0 <\/span>\u00e0 la Vall\u00e9e de la maison Particuli\u00e8re en cal\u00e8che des chevaux. <span class=\"Apple-converted-space\">\u00a0 \u00a0<\/span><\/li>\n<li class=\"p3\">Belv\u00e9d\u00e8re des Aquatiques.<\/li>\n<li class=\"p3\">Promenade \u00e0 travers de la Vall\u00e9e de Vinales.<\/li>\n<li class=\"p3\">Visite des Plantations de Tabac et Caf\u00e9.<\/li>\n<li class=\"p3\">Visite \u00e0 une caf\u00e9t\u00e9ria locale avec une belle vue.<\/li>\n<li class=\"p3\">Entr\u00e9e au Parc National avec de la compagnie d&rsquo;un guide exp\u00e9riment\u00e9.<\/li>\n<\/ul>\n<p class=\"p3\"><b><span style=\"color: #000000;\">Qu&rsquo;est-ce qu\u2019il y a compris<\/span> <span class=\"Apple-converted-space\">\u00a0 \u00a0<\/span><\/b><\/p>\n<ol>\n<li class=\"p3\">Transport d\u2019aller-retour \u00e0 Vinales.<\/li>\n<li class=\"p3\">Service de guide des langues anglais et espagnole.<\/li>\n<li class=\"p3\">\u00a0Un cigare dans la plantation de tabac pour essayer de fumer.<\/li>\n<\/ol>\n<p><span style=\"color: #000000;\"><b>PRIX : 25\u20ac PAR PERSONNE.<\/b><\/span><\/p>\n<p class=\"p5\"><span style=\"color: #000000;\"><b>Si vous avez besoin d&rsquo;un service de taxi uniquement pour un certain type de transfert, on vous aidera aussi. <\/b><span class=\"s1\"><b>Trouvez-le ici!<\/b><\/span><\/span><\/p>\n<p><a href=\"https:\/\/www.sunnyvinalestour.com\/fr\/reservation\/\"><img loading=\"lazy\" decoding=\"async\" class=\"aligncenter wp-image-6528 size-trx_addons-thumb-small\" src=\"https:\/\/www.sunnyvinalestour.com\/wp-content\/uploads\/Captura-de-Pantalla-2021-10-30-a-las-21.30.29-270x112.png\" alt=\"\" width=\"270\" height=\"112\" \/><\/a><\/p>\n","protected":false},"excerpt":{"rendered":"<p>\u00c0 la d\u00e9couverte du lever du soleil dans la vall\u00e9e de Vinales. Nous commen\u00e7ons le jour \u00e0 Vinales avec l\u2019aube nocturne et avec le chant des coqs de la r\u00e9gion.&hellip;<\/p>\n","protected":false},"author":1,"featured_media":2429,"parent":0,"menu_order":0,"comment_status":"closed","ping_status":"closed","template":"","meta":{"footnotes":""},"class_list":["post-5779","page","type-page","status-publish","has-post-thumbnail","hentry"],"_links":{"self":[{"href":"https:\/\/www.sunnyvinalestour.com\/fr\/wp-json\/wp\/v2\/pages\/5779","targetHints":{"allow":["GET"]}}],"collection":[{"href":"https:\/\/www.sunnyvinalestour.com\/fr\/wp-json\/wp\/v2\/pages"}],"about":[{"href":"https:\/\/www.sunnyvinalestour.com\/fr\/wp-json\/wp\/v2\/types\/page"}],"author":[{"embeddable":true,"href":"https:\/\/www.sunnyvinalestour.com\/fr\/wp-json\/wp\/v2\/users\/1"}],"replies":[{"embeddable":true,"href":"https:\/\/www.sunnyvinalestour.com\/fr\/wp-json\/wp\/v2\/comments?post=5779"}],"version-history":[{"count":6,"href":"https:\/\/www.sunnyvinalestour.com\/fr\/wp-json\/wp\/v2\/pages\/5779\/revisions"}],"predecessor-version":[{"id":6550,"href":"https:\/\/www.sunnyvinalestour.com\/fr\/wp-json\/wp\/v2\/pages\/5779\/revisions\/6550"}],"wp:featuredmedia":[{"embeddable":true,"href":"https:\/\/www.sunnyvinalestour.com\/fr\/wp-json\/wp\/v2\/media\/2429"}],"wp:attachment":[{"href":"https:\/\/www.sunnyvinalestour.com\/fr\/wp-json\/wp\/v2\/media?parent=5779"}],"curies":[{"name":"wp","href":"https:\/\/api.w.org\/{rel}","templated":true}]}}

L&rsquo;aube dans la vallée de vinales

<div id="metaslider-id-2404" style="max-width: 700px;" class="ml-slider-3-108-0 metaslider metaslider-flex metaslider-2404 ml-slider has-dots-nav ms-theme-default" role="region" aria-label="Amanecer en los Acuáticos" data-height="300" data-width="700">
    <div id="metaslider_container_2404">
        <div id="metaslider_2404">
            <ul class='slides'>
                <li style="display: block; width: 100%;" class="slide-2435 ms-image " aria-roledescription="slide" data-date="2020-04-15 18:18:38" data-filename="sunset-vinalesJPG.jpg" data-slide-type="image"><img loading="lazy" decoding="async" src="https://www.sunnyvinalestour.com/wp-content/uploads/sunset-vinalesJPG.jpg" height="300" width="700" alt="" class="slider-2404 slide-2435 msDefaultImage" title="sunset vinalesJPG" /></li>
                <li style="display: none; width: 100%;" class="slide-2436 ms-image " aria-roledescription="slide" data-date="2020-04-15 18:18:38" data-filename="Sunset-vinales-2JPG.jpg" data-slide-type="image"><img loading="lazy" decoding="async" src="https://www.sunnyvinalestour.com/wp-content/uploads/Sunset-vinales-2JPG.jpg" height="300" width="700" alt="" class="slider-2404 slide-2436 msDefaultImage" title="Sunset vinales 2JPG" /></li>
                <li style="display: none; width: 100%;" class="slide-2437 ms-image " aria-roledescription="slide" data-date="2020-04-15 18:18:38" data-filename="Sunset-vinales-3JPG.jpg" data-slide-type="image"><img loading="lazy" decoding="async" src="https://www.sunnyvinalestour.com/wp-content/uploads/Sunset-vinales-3JPG.jpg" height="300" width="700" alt="" class="slider-2404 slide-2437 msDefaultImage" title="Sunset vinales 3JPG" /></li>
                <li style="display: none; width: 100%;" class="slide-2442 ms-image " aria-roledescription="slide" data-date="2020-04-15 18:23:56" data-filename="Amigos-vinales.jpeg" data-slide-type="image"><img loading="lazy" decoding="async" src="https://www.sunnyvinalestour.com/wp-content/uploads/Amigos-vinales.jpeg" height="300" width="700" alt="" class="slider-2404 slide-2442 msDefaultImage" title="Amigos de casa en vinales" /></li>
            </ul>
        </div>
        
    </div>
</div>
<p class="p1"><span style="color: #000000;"><b>À la découverte du lever du soleil dans la vallée de Vinales.</b></span></p>
<p class="p3">Nous commençons le jour à Vinales avec l’aube nocturne et avec le chant des coqs de la région. Dans<span class="Apple-converted-space">    </span>ce voyage vous aurez l’opportunité d&rsquo;éprouver une des expériences les plus uniques et exclusives organisé dans tout Cuba, une aurore dans la Vallée de la plus belle vue des Aquatiques. Dans ce cas nous accueillerons le fort soleil qui nous éclaire tous les jours et en profitant d’une tasse délicieuse et accueillante de café créole, nous le verrons arrivez. La localisation de notre position est définit par la chaîne de montagnes Guaniguanico laquelle a donné l&rsquo;origine de toutes les vallées merveilleuses le la région. Là nous prenons plaisir en observant devant nous à l&rsquo;Ouest la Vallée Palmarito laquelle a été divise pour un grand relief montagneux qui accueille devant lui à la Vallée de Vinales et derrière comme j&rsquo;ai déjà fait la mention, à la Vallée Palmarito.<span class="Apple-converted-space"> </span></p>
<p class="p3"><b><span style="color: #000000;">Le programme du jour</span><span class="Apple-converted-space">   </span></b></p>
<ul>
<li class="p3">Départ de la maison à 4 h 15 et nous nous déplacerons en calèche tire par des chevaux jusqu’aux proximités de la trajectoire de la Vallée de Vinales dont notre aventure commence. La durée de ce déplacement est de 30 minutes plus ou moins. <span class="Apple-converted-space">   </span></li>
<li class="p3">La montée de la montagne commence à 5 h 00 et l&rsquo;arrivée au point le plus haut de la région de l’aquatique ça nous prendra 1 heure 20 minutes. <span class="Apple-converted-space">   </span></li>
<li class="p3">Plus ou moins à 6 h 00 on sera accompagné des gens de la région dans leur maison rustique où nous pouvons prendre un café qui nous offrent et qui est produit du caféier de la région. <span class="Apple-converted-space">   </span></li>
<li class="p3">6 h 30 si vous préférez, après d’avoir contemplé le lever du soleil nous mettrons la marche de retour, dont il nous attend aussi un voyage pour la Vallée coloriée de Vinales et une partie de la Vallée Palmarito où nous verrons des plantations de tabac et une cafétéria locale, dont il y a la possibilité de prendre quelque salade de fruits ou un sandwich et de là on pourra voir comme c’est la vie de paysan qui laboure la terre tous les jours. <span class="Apple-converted-space">   </span></li>
<li class="p3"> Cette promenade est résumée selon dispose votre forme physique et agilité. <span class="Apple-converted-space">   </span></li>
<li class="p3"> Et pour finir, à 11 h 00 nous serons déjà chez nous après d’avoir retourné dans la calèche tire par des chevaux.</li>
</ul>
<p class="p3"><span style="color: #000000;"><b>Les Attractions</b></span></p>
<ul>
<li class="p3">Déplacement<span class="Apple-converted-space">  </span>à la Vallée de la maison Particulière en calèche des chevaux. <span class="Apple-converted-space">   </span></li>
<li class="p3">Belvédère des Aquatiques.</li>
<li class="p3">Promenade à travers de la Vallée de Vinales.</li>
<li class="p3">Visite des Plantations de Tabac et Café.</li>
<li class="p3">Visite à une cafétéria locale avec une belle vue.</li>
<li class="p3">Entrée au Parc National avec de la compagnie d&rsquo;un guide expérimenté.</li>
</ul>
<p class="p3"><b><span style="color: #000000;">Qu&rsquo;est-ce qu’il y a compris</span> <span class="Apple-converted-space">   </span></b></p>
<ol>
<li class="p3">Transport d’aller-retour à Vinales.</li>
<li class="p3">Service de guide des langues anglais et espagnole.</li>
<li class="p3"> Un cigare dans la plantation de tabac pour essayer de fumer.</li>
</ol>
<p><span style="color: #000000;"><b>PRIX : 25€ PAR PERSONNE.</b></span></p>
<p class="p5"><span style="color: #000000;"><b>Si vous avez besoin d&rsquo;un service de taxi uniquement pour un certain type de transfert, on vous aidera aussi. </b><span class="s1"><b>Trouvez-le ici!</b></span></span></p>
<p><a href="https://www.sunnyvinalestour.com/fr/reservation/"><img loading="lazy" decoding="async" class="aligncenter wp-image-6528 size-trx_addons-thumb-small" src="https://www.sunnyvinalestour.com/wp-content/uploads/Captura-de-Pantalla-2021-10-30-a-las-21.30.29-270x112.png" alt="" width="270" height="112" /></a></p>

<p>À la découverte du lever du soleil dans la vallée de Vinales. Nous commençons le jour à Vinales avec l’aube nocturne et avec le chant des coqs de la région.&hellip;</p>
